s 74 divide 214929226?
True
Is 217120955 a multiple of 1528?
False
Does 34 divide 242180115?
False
Is 202763737 a multiple of 11?
True
Is 16840025 a multiple of 112?
False
Is 108122362 a multiple of 1047?
False
Does 16 divide 1157791760?
True
Does 5984 divide 115680723?
False
Is 13 a factor of 28837411?
False
Is 80 a factor of 18440720?
True
Does 112 divide 1430683744?
True
Does 4 divide 19003766?
False
Is 468741930 a multiple of 7?
False
Does 2382 divide 528384768?
True
Does 543 divide 48127719?
True
Is 1177350518 a multiple of 3499?
True
Does 172 divide 112135800?
False
Is 147218650 a multiple of 950?
True
Does 291 divide 37621618?
False
Does 5555 divide 561377190?
True
Is 439667747 a multiple of 3841?
True
Is 17 a factor of 11200427?
False
Is 20 a factor of 53108830?
False
Does 173 divide 5287699?
False
Does 7 divide 31281176?
False
Is 105885828 a multiple of 30?
False
Is 558 a factor of 238894410?
False
Does 3 divide 368942444?
False
Does 23 divide 9637349?
False
Is 1042 a factor of 706066071?
False
Does 1114 divide 2859870372?
False
Is 10447570 a multiple of 5?
True
Does 25 divide 131705909?
False
Does 1638 divide 447255900?
True
Is 898854739 a multiple of 29?
True
Is 3491 a factor of 1939926527?
False
Is 53 a factor of 41399179?
False
Is 7209 a factor of 696757059?
True
Is 191510253 a multiple of 339?
True
Is 234656749 a multiple of 710?
False
Does 513 divide 110204199?
True
Does 190 divide 91714710?
True
Is 228 a factor of 940070883?
False
Is 29 a factor of 491443657?
True
Does 10 divide 4746260?
True
Does 494 divide 8001270?
False
Is 137 a factor of 213591139?
False
Does 1476 divide 15943752?
True
Does 8 divide 211441327?
False
Is 14 a factor of 18858844?
False
Is 3373796195 a multiple of 1617?
False
Is 57537307 a multiple of 15?
False
Is 4710 a factor of 671014860?
True
Does 7 divide 118320070?
False
Does 500 divide 1199376390?
False
Does 1500 divide 48714000?
True
Does 45 divide 56741142?
False
Is 9 a factor of 26163756?
True
Does 7 divide 93128224?
True
Does 409 divide 33641068?
True
Does 636 divide 97971348?
True
Is 5 a factor of 2565650?
True
Does 22 divide 154004884?
True
Does 752 divide 1725557520?
False
Does 59 divide 48244241?
True
Does 370 divide 312633350?
True
Is 708 a factor of 240136608?
True
Is 24032943 a multiple of 216?
False
Does 22 divide 2229796580?
True
Is 5 a factor of 33877970?
True
Is 2890328 a multiple of 7?
True
Is 21 a factor of 1062774657?
True
Does 8 divide 251638624?
True
Is 17 a factor of 10883998?
False
Is 153828999 a multiple of 40?
False
Does 16 divide 40468009?
False
Is 97225953 a multiple of 1500?
False
Is 826 a factor of 836897418?
True
Is 1059 a factor of 684636087?
True
Does 5521 divide 757260360?
True
Is 237308931 a multiple of 249?
False
Is 7308 a factor of 5966904951?
False
Does 72 divide 2296211662?
False
Is 707649452 a multiple of 124?
False
Is 78761708 a multiple of 5355?
False
Does 11 divide 95461113?
True
Is 14 a factor of 2031980819?
False
Is 1937 a factor of 680222101?
True
Is 14 a factor of 6211744?
True
Is 138 a factor of 235326038?
False
Is 44718291 a multiple of 393?
True
Is 274140766 a multiple of 237?
False
Is 35 a factor of 3368502935?
True
Is 89 a factor of 60352532?
False
Does 4255 divide 103115670?
True
Does 4 divide 410984942?
False
Is 3303401 a multiple of 4?
False
Is 256 a factor of 1479980474?
False
Is 221684516 a multiple of 2456?
False
Is 301373103 a multiple of 10?
False
Does 36 divide 3623760?
True
Is 19 a factor of 272814863?
True
Is 5977182 a multiple of 7?
False
Is 2495472 a multiple of 16?
True
Does 11 divide 5405697?
True
Does 3 divide 4525179?
True
Does 1066 divide 36200294?
True
Is 5204 a factor of 2127582544?
True
Is 17997839 a multiple of 653?
False
Is 9 a factor of 30993970?
False
Is 285119726 a multiple of 2?
True
Is 379768356 a multiple of 33?
True
Does 46 divide 80760682?
True
Is 22313795 a multiple of 35?
True
Is 20229936 a multiple of 116?
True
Is 79827087 a multiple of 31?
False
Is 83 a factor of 24701962?
True
Is 114309565 a multiple of 98?
False
Is 43 a factor of 334109914?
True
Does 11 divide 499204313?
False
Is 47575880 a multiple of 13?
False
Is 1730238465 a multiple of 915?
True
Is 5 a factor of 9766830?
True
Is 209 a factor of 309538614?
True
Is 856 a factor of 779572375?
False
Is 3018 a factor of 213830048?
False
Does 133 divide 24651018?
True
Does 9 divide 334207458?
True
Is 1283537696 a multiple of 32?
True
Is 111793653 a multiple of 2?
False
Is 792121442 a multiple of 433?
False
Is 4566798 a multiple of 16?
False
Does 18 divide 105093522?
True
Is 112 a factor of 164550812?
False
Is 1732500435 a multiple of 23?
False
Is 836735136 a multiple of 111?
False
Does 190 divide 82470513?
False
Is 20 a factor of 3499840?
True
Is 8605855 a multiple of 445?
True
Is 14 a factor of 1003726122?
True
Does 1220 divide 157580713?
False
Does 11 divide 1875827879?
False
Does 2362 divide 109369554?
False
Is 15 a factor of 255634554?
False
Is 16374092 a multiple of 383?
False
Is 180 a factor of 634470660?
True
Does 205 divide 10376075?
True
Is 693281925 a multiple of 105?
True
Is 193 a factor of 12824271?
True
Is 154358110 a multiple of 10?
True
Does 47 divide 2880113423?
True
Is 8927308 a multiple of 20?
False
Is 631 a factor of 10063819?
True
Is 527 a factor of 4428908?
True
Is 466162313 a multiple of 49?
False
Does 1525 divide 835244876?
False
Is 132 a factor of 61014888?
True
Does 15 divide 183767406?
False
Is 1630507580 a multiple of 26?
True
Is 204 a factor of 6652916?
False
Is 53345804 a multiple of 122?
False
Does 715 divide 40698533?
False
Does 96 divide 979565952?
True
Is 28 a factor of 28849050?
False
Is 33036212 a multiple of 919?
True
Is 603 a factor of 180566683?
False
Is 12360715 a multiple of 5?
True
Does 17 divide 293624850?
True
Is 4392 a factor of 191535120?
True
Is 12 a factor of 14045874?
False
Does 441 divide 603057207?
False
Does 214 divide 246256627?
False
Does 2 divide 3691458?
True
Does 12 divide 12042996?
True
Is 70 a factor of 187288850?
True
Is 928905333 a multiple of 3436?
False
Does 24 divide 26425584?
True
Is 592295290 a multiple of 21?
False
Is 62105023 a multiple of 1021?
False
Does 88 divide 9739775?
False
Does 8 divide 4139240?
True
Does 704 divide 320355715?
False
Is 3067 a factor of 4210687040?
False
Is 93 a factor of 24686697?
False
Is 158268700 a multiple of 1992?
False
Is 28683750 a multiple of 50?
True
Is 38952742 a multiple of 140?
False
Does 78 divide 58796853?
False
Does 833 divide 165151413?
True
Is 4740974 a multiple of 1706?
True
Is 9 a factor of 187013233?
False
Is 16 a factor of 66325315?
False
Is 8 a factor of 29006240?
True
Is 839 a factor of 1174099117?
True
Does 3 divide 6324927?
True
Is 8976080 a multiple of 584?
True
Does 11 divide 4919411117?
False
Is 585 a factor of 4531055326?
False
Does 55 divide 1683504515?
True
Does 278 divide 330910505?
False
Is 131518971 a multiple of 29?
False
Does 80 divide 18036160?
True
Does 700 divide 850213000?
True
Is 70 a factor of 664956016?
False
Is 676 a factor of 10054824?
True
Is 284724840 a multiple of 30?
True
Does 154 divide 1735225030?
True
Does 2 divide 4591665?
False
Is 15 a factor of 2266791794?
False
Is 1077 a factor of 614350065?
False
Does 1259 divide 12890901?
True
Does 27 divide 6774300?
True
Is 305 a factor of 279265468?
False
Is 533608134 a multiple of 53?
True
Is 8 a factor of 615560012?
False
Is 168207144 a multiple of 1048?
True
Does 12 divide 2259037?
False
Does 26 divide 4409392?
True
Is 72 a factor of 223915824?
True
Is 11025059 a multiple of 126?
False
Is 91 a factor of 267040592?
True
Is 11479763 a multiple of 1433?
True
Does 14 divide 60149100?
False
Is 397 a factor of 45448957?
True
Is 805 a factor of 1173971750?
True
Is 57826968 a multiple of 4?
True
Does 1891 divide 104122144?
False
Is 179 a factor of 41652405?
True
Does 160 divide 10328796?
False
Does 975 divide 1450632300?
True
Is 83105615 a multiple of 3595?
True
Does 141 divide 70188531?
True
Is 7408205 a multiple of 35?
True
Is 40 a factor of 10465920?
True
Is 697 a factor of 6923270?
False
Is 5656941 a multiple of 1801?
True
Is 150993457 a multiple of 13?
False
Is 126863176 a multiple of 3158?
True
Does 5964 divide 327579952?
False
Does 10 divide 597175260?
True
Is 13 a factor of 291214